{"id":73,"date":"2025-10-22T14:11:37","date_gmt":"2025-10-22T12:11:37","guid":{"rendered":"https:\/\/psychotherapie-hanshans.de\/?page_id=73"},"modified":"2025-10-22T19:48:35","modified_gmt":"2025-10-22T17:48:35","slug":"impressum","status":"publish","type":"page","link":"https:\/\/psychotherapie-hanshans.de\/?page_id=73","title":{"rendered":"Impressum"},"content":{"rendered":"\n<div style=\"height:110px\" aria-hidden=\"true\" class=\"wp-block-spacer\"><\/div>\n\n\n\n<h2 class=\"wp-block-heading\"><strong>Impressum<\/strong><br>Angaben gem\u00e4\u00df \u00a7 5 TMG<\/h2>\n\n\n\n<p><strong>Psychotherapie Hanshans<\/strong><br>M.Sc.-Psych. Sophie Hanshans<br>Orleansstra\u00dfe 45 A<br>81667 M\u00fcnchen<br>Telefon: 0160 \/ 2341246<br>E-Mail:&nbsp;<a>info@psychotherapie-hanshans.de<\/a><\/p>\n\n\n\n<p>Bayerische Landeskammer der Psychologischen Psychotherapeuten und der Kinder- und Jugendlichenpsychotherapeuten (PTK Bayern)<\/p>\n\n\n\n<p><strong>Gesetzliche Berufsbezeichnung:<\/strong><br>Psychologische Psychotherapeutin (verliehen in Deutschland)<\/p>\n\n\n\n<p><strong>Berufsrechtliche Regelungen:<\/strong><\/p>\n\n\n\n<ul class=\"wp-block-list\">\n<li>Psychotherapeutengesetz (PsychThG)<\/li>\n\n\n\n<li>Berufsordnung der zust\u00e4ndigen Kammer<\/li>\n\n\n\n<li>Heilberufsgesetz des Bundeslandes Bayern<br>(Die Regelungen sind einsehbar auf der Website der PTK Bayern)<\/li>\n<\/ul>\n\n\n\n<p><strong>Zust\u00e4ndige Kammer (Aufsichtsbeh\u00f6rde) :<\/strong><br>Psychotherapeutenkammer Bayern<br>Birketweg 30, 80639 M\u00fcnchen<br><a href=\"http:\/\/www.ptk-bayern.de\/\" target=\"_blank\" rel=\"noreferrer noopener\">http:\/\/www.ptk-bayern.de<\/a><\/p>\n\n\n\n<p><br><strong>(ggf.) Zust\u00e4ndige Kassen\u00e4rztliche Vereinigung (Aufsichtsbeh\u00f6rde) :<\/strong><br>Kassen\u00e4rztliche Vereinigung Bayerns<br>Elsenheimerstr. 39, 80687 M\u00fcnchen<br><a href=\"http:\/\/www.kvb.de\/\">http:\/\/www.kvb.de<\/a><\/p>\n\n\n\n<p><br><strong>Berufsrechtliche Regelungen:<\/strong><\/p>\n\n\n\n<ul class=\"wp-block-list\">\n<li>Gesetz \u00fcber den Beruf der Psychotherapeutin und des Psychothe-<br>rapeuten (Psychotherapeutengesetz \u2013 PsychThG)<br>Abrufbar z.B. unter <a href=\"http:\/\/www.ptk-bayern.de\/ptk\/web.nsf\/id\/li%20rechtsquel-len.html\" target=\"_blank\" rel=\"noreferrer noopener\">http:\/\/www.ptk-bayern.de\/ptk\/web.nsf\/id\/li rechtsquel-len.html<\/a><\/li>\n\n\n\n<li>Heilberufe-Kammergesetz (HKaG)<br>Abrufbar z.B. unter <a href=\"http:\/\/www.ptk-bayern.de\/ptk\/web.nsf\/id\/li__rechtsquel-\" target=\"_blank\" rel=\"noreferrer noopener\">http:\/\/www.ptk-bayern.de\/ptk\/web.nsf\/id\/li__rechtsquel-<\/a><br>len.html<\/li>\n\n\n\n<li>Berufsordnung der Psychotherapeutenkammer Bayern<br>Abrufbar z.B. unter <a href=\"http:\/\/www.ptk-bayern.de\/ptk\/web.nsf\/id\/li%20satzungen.html\" target=\"_blank\" rel=\"noreferrer noopener\">http:\/\/www.ptk-bayern.de\/ptk\/web.nsf\/id\/li satzungen.html<\/a><\/li>\n<\/ul>\n\n\n\n<hr class=\"wp-block-separator has-alpha-channel-opacity\"\/>\n\n\n\n<h2 class=\"wp-block-heading\"><strong>Haftungsausschluss<\/strong><\/h2>\n\n\n\n<p>Die Inhalte dieser Website wurden mit gr\u00f6\u00dftm\u00f6glicher Sorgfalt erstellt. F\u00fcr die Richtigkeit, Vollst\u00e4ndigkeit und Aktualit\u00e4t der Inhalte \u00fcbernehme ich jedoch keine Gew\u00e4hr.<\/p>\n\n\n\n<p>Als Diensteanbieter bin ich gem\u00e4\u00df \u00a7 7 Abs.1 TMG f\u00fcr eigene Inhalte auf diesen Seiten nach den allgemeinen Gesetzen verantwortlich. Nach \u00a7\u00a7 8 bis 10 TMG bin ich als Diensteanbieter jedoch&nbsp;<strong>nicht verpflichtet<\/strong>, \u00fcbermittelte oder gespeicherte fremde Informationen zu \u00fcberwachen oder nach Umst\u00e4nden zu forschen, die auf eine rechtswidrige T\u00e4tigkeit hinweisen.<\/p>\n\n\n\n<p>Bei Bekanntwerden entsprechender Rechtsverletzungen werde ich diese Inhalte umgehend entfernen.<\/p>\n\n\n\n<hr class=\"wp-block-separator has-alpha-channel-opacity\"\/>\n\n\n\n<h2 class=\"wp-block-heading\"><strong>Urheberrecht<\/strong><\/h2>\n\n\n\n<p>Die durch die Seitenbetreiberin erstellten Inhalte und Werke auf dieser Website unterliegen dem deutschen Urheberrecht. Die Vervielf\u00e4ltigung, Bearbeitung, Verbreitung und jede Art der Verwertung au\u00dferhalb der Grenzen des Urheberrechts bed\u00fcrfen der schriftlichen Zustimmung der jeweiligen Autorin bzw. Erstellerin. Downloads und Kopien dieser Seite sind nur f\u00fcr den privaten, nicht kommerziellen Gebrauch gestattet.<\/p>\n\n\n\n<p>Soweit Inhalte auf dieser Seite nicht von der Betreiberin erstellt wurden, werden die Urheberrechte Dritter beachtet und entsprechende Inhalte als solche gekennzeichnet.<br>Photos: Sophie Hanshans<\/p>\n\n\n\n<hr class=\"wp-block-separator has-alpha-channel-opacity\"\/>\n\n\n\n<h2 class=\"wp-block-heading\"><strong>Datenschutz<\/strong><\/h2>\n\n\n\n<p>Beim Besuch dieser Website werden&nbsp;<strong>keine personenbezogenen Daten erhoben oder gespeichert<\/strong>. Es werden&nbsp;<strong>keine Cookies gesetzt<\/strong>, keine Analyse- oder Trackingtools verwendet und keine Google-Dienste (wie Google Fonts, Google Analytics etc.) eingebunden.<\/p>\n\n\n\n<p>Die Website dient ausschlie\u00dflich der Information. Es besteht keine M\u00f6glichkeit zur direkten elektronischen Kontaktaufnahme \u00fcber ein Formular.<\/p>\n\n\n\n<p>Wenn Sie per E-Mail Kontakt aufnehmen, beachten Sie bitte, dass die Daten\u00fcbertragung im Internet Sicherheitsl\u00fccken aufweisen kann. Ein l\u00fcckenloser Schutz der Daten vor dem Zugriff durch Dritte ist nicht m\u00f6glich. Vertrauliche Informationen sollten daher nicht per E-Mail \u00fcbermittelt werden.<\/p>\n\n\n\n<hr class=\"wp-block-separator has-alpha-channel-opacity\"\/>\n\n\n\n<h2 class=\"wp-block-heading has-accent-1-color has-text-color has-link-color wp-elements-b8c2927403c40c5f8d23bd5e374d9ce0\"><strong>Hinweis bei psychischen Notf\u00e4llen<\/strong><\/h2>\n\n\n\n<p>Diese Website dient ausschlie\u00dflich der Information \u00fcber das Angebot der Praxis. Sie ist&nbsp;<strong>nicht f\u00fcr akute psychische Krisen<\/strong>&nbsp;oder Notf\u00e4lle vorgesehen.<\/p>\n\n\n\n<p>In dringenden F\u00e4llen wenden Sie sich bitte an:<\/p>\n\n\n\n<ul class=\"wp-block-list\">\n<li><strong>Krisendienst Psychiatrie Bayern:<\/strong>&nbsp;0800 \/ 655 3000 (kostenfrei, t\u00e4glich rund um die Uhr erreichbar)<\/li>\n\n\n\n<li><strong>\u00c4rztlicher Bereitschaftsdienst:<\/strong>&nbsp;116 117<\/li>\n\n\n\n<li><strong>Notrufnummer f\u00fcr Feuerwehr und Rettungsdienst:<\/strong>&nbsp;112<\/li>\n\n\n\n<li>Oder direkt an eine Klinik mit psychiatrischer Notfallversorgung<\/li>\n<\/ul>\n\n\n\n<p><\/p>\n","protected":false},"excerpt":{"rendered":"<p>ImpressumAngaben gem\u00e4\u00df \u00a7 5 TMG Psychotherapie HanshansM.Sc.-Psych. Sophie HanshansOrleansstra\u00dfe 45 A81667 M\u00fcnchenTelefon: 0160 \/ 2341246E-Mail:&nbsp;info@psychotherapie-hanshans.de Bayerische Landeskammer der Psychologischen Psychotherapeuten und der Kinder- und Jugendlichenpsychotherapeuten (PTK Bayern) Gesetzliche Berufsbezeichnung:Psychologische Psychotherapeutin (verliehen in Deutschland) Berufsrechtliche Regelungen: Zust\u00e4ndige Kammer (Aufsichtsbeh\u00f6rde) :Psychotherapeutenkammer BayernBirketweg 30, 80639 M\u00fcnchenhttp:\/\/www.ptk-bayern.de (ggf.) Zust\u00e4ndige Kassen\u00e4rztliche Vereinigung (Aufsichtsbeh\u00f6rde) :Kassen\u00e4rztliche Vereinigung BayernsElsenheimerstr. 39, 80687 M\u00fcnchenhttp:\/\/www.kvb.de Berufsrechtliche [&hellip;]<\/p>\n","protected":false},"author":1,"featured_media":0,"parent":0,"menu_order":0,"comment_status":"closed","ping_status":"closed","template":"","meta":{"footnotes":""},"class_list":["post-73","page","type-page","status-publish","hentry"],"_links":{"self":[{"href":"https:\/\/psychotherapie-hanshans.de\/index.php?rest_route=\/wp\/v2\/pages\/73","targetHints":{"allow":["GET"]}}],"collection":[{"href":"https:\/\/psychotherapie-hanshans.de\/index.php?rest_route=\/wp\/v2\/pages"}],"about":[{"href":"https:\/\/psychotherapie-hanshans.de\/index.php?rest_route=\/wp\/v2\/types\/page"}],"author":[{"embeddable":true,"href":"https:\/\/psychotherapie-hanshans.de\/index.php?rest_route=\/wp\/v2\/users\/1"}],"replies":[{"embeddable":true,"href":"https:\/\/psychotherapie-hanshans.de\/index.php?rest_route=%2Fwp%2Fv2%2Fcomments&post=73"}],"version-history":[{"count":3,"href":"https:\/\/psychotherapie-hanshans.de\/index.php?rest_route=\/wp\/v2\/pages\/73\/revisions"}],"predecessor-version":[{"id":94,"href":"https:\/\/psychotherapie-hanshans.de\/index.php?rest_route=\/wp\/v2\/pages\/73\/revisions\/94"}],"wp:attachment":[{"href":"https:\/\/psychotherapie-hanshans.de\/index.php?rest_route=%2Fwp%2Fv2%2Fmedia&parent=73"}],"curies":[{"name":"wp","href":"https:\/\/api.w.org\/{rel}","templated":true}]}}