{"id":2,"date":"2025-10-20T09:31:06","date_gmt":"2025-10-20T07:31:06","guid":{"rendered":"https:\/\/psychotherapie-hanshans.de\/?page_id=2"},"modified":"2025-10-22T13:54:41","modified_gmt":"2025-10-22T11:54:41","slug":"beispiel-seite","status":"publish","type":"page","link":"https:\/\/psychotherapie-hanshans.de\/","title":{"rendered":"Startseite"},"content":{"rendered":"\n<div class=\"wp-block-group alignfull has-global-padding is-layout-constrained wp-block-group-is-layout-constrained\" style=\"margin-bottom:var(--wp--preset--spacing--50)\">\n<div class=\"wp-block-cover alignfull\" style=\"padding-top:var(--wp--preset--spacing--30);padding-right:var(--wp--preset--spacing--30);padding-bottom:var(--wp--preset--spacing--30);padding-left:var(--wp--preset--spacing--30);min-height:50px;aspect-ratio:unset;\"><img loading=\"lazy\" decoding=\"async\" width=\"1024\" height=\"768\" class=\"wp-block-cover__image-background wp-image-16 size-large\" alt=\"\" src=\"https:\/\/psychotherapie-hanshans.de\/wp-content\/uploads\/2025\/10\/20240721_103735_web-2048x1536-1-1024x768.jpg\" style=\"object-position:50% 40%\" data-object-fit=\"cover\" data-object-position=\"50% 40%\" srcset=\"https:\/\/psychotherapie-hanshans.de\/wp-content\/uploads\/2025\/10\/20240721_103735_web-2048x1536-1-1024x768.jpg 1024w, https:\/\/psychotherapie-hanshans.de\/wp-content\/uploads\/2025\/10\/20240721_103735_web-2048x1536-1-300x225.jpg 300w, https:\/\/psychotherapie-hanshans.de\/wp-content\/uploads\/2025\/10\/20240721_103735_web-2048x1536-1-768x576.jpg 768w, https:\/\/psychotherapie-hanshans.de\/wp-content\/uploads\/2025\/10\/20240721_103735_web-2048x1536-1-1536x1152.jpg 1536w, https:\/\/psychotherapie-hanshans.de\/wp-content\/uploads\/2025\/10\/20240721_103735_web-2048x1536-1.jpg 2048w\" sizes=\"auto, (max-width: 1024px) 100vw, 1024px\" \/><span aria-hidden=\"true\" class=\"wp-block-cover__background has-background-dim-0 has-background-dim has-background-gradient\" style=\"background:linear-gradient(0deg,rgba(255,255,255,0) 0%,rgb(1,1,1) 26%,rgba(255,255,255,0) 56%)\"><\/span><div class=\"wp-block-cover__inner-container is-layout-flow wp-block-cover-is-layout-flow\">\n<div style=\"height:186px\" aria-hidden=\"true\" class=\"wp-block-spacer\"><\/div>\n\n\n\n<h2 class=\"wp-block-heading has-text-align-center has-base-color has-text-color has-link-color wp-elements-91bab989e5d953fce539c576b71ca307\">Wie sch\u00f6n, dass Sie den Weg zu mir gefunden haben.<\/h2>\n\n\n\n<p class=\"has-text-align-center has-base-color has-text-color has-link-color wp-elements-8e87c06d95973336fe9fa0777f276e3d\">M.Sc.-Psych. Sophie Hanshans<\/p>\n\n\n\n<div style=\"height:22px\" aria-hidden=\"true\" class=\"wp-block-spacer\"><\/div>\n<\/div><\/div>\n<\/div>\n\n\n\n<div class=\"wp-block-columns is-layout-flex wp-container-core-columns-is-layout-28f84493 wp-block-columns-is-layout-flex\">\n<div class=\"wp-block-column is-layout-flow wp-block-column-is-layout-flow\" style=\"flex-basis:33.33%\">\n<figure class=\"wp-block-image size-large\"><img loading=\"lazy\" decoding=\"async\" width=\"758\" height=\"1024\" src=\"https:\/\/psychotherapie-hanshans.de\/wp-content\/uploads\/2025\/10\/w1_72A9744-1_web-scaled-1-758x1024.jpg\" alt=\"\" class=\"wp-image-7\" srcset=\"https:\/\/psychotherapie-hanshans.de\/wp-content\/uploads\/2025\/10\/w1_72A9744-1_web-scaled-1-758x1024.jpg 758w, https:\/\/psychotherapie-hanshans.de\/wp-content\/uploads\/2025\/10\/w1_72A9744-1_web-scaled-1-222x300.jpg 222w, https:\/\/psychotherapie-hanshans.de\/wp-content\/uploads\/2025\/10\/w1_72A9744-1_web-scaled-1-768x1037.jpg 768w, https:\/\/psychotherapie-hanshans.de\/wp-content\/uploads\/2025\/10\/w1_72A9744-1_web-scaled-1-1138x1536.jpg 1138w, https:\/\/psychotherapie-hanshans.de\/wp-content\/uploads\/2025\/10\/w1_72A9744-1_web-scaled-1-1517x2048.jpg 1517w, https:\/\/psychotherapie-hanshans.de\/wp-content\/uploads\/2025\/10\/w1_72A9744-1_web-scaled-1.jpg 1896w\" sizes=\"auto, (max-width: 758px) 100vw, 758px\" \/><\/figure>\n<\/div>\n\n\n\n<div class=\"wp-block-column is-layout-flow wp-block-column-is-layout-flow\" style=\"flex-basis:66.66%\">\n<p>Ich bin approbierte psychologische Psychotherapeutin und biete Psychotherapie f\u00fcr Kinder, Jugendliche und Erwachsene an.<\/p>\n\n\n\n<blockquote class=\"wp-block-quote is-layout-flow wp-block-quote-is-layout-flow\">\n<p>Es gibt im Leben schwierige Phasen, in denen man sich Unterst\u00fctzung und einen Ansprechpartner w\u00fcnscht. Psychotherapeut*innen erkennen und behandeln Erkrankungen der Seele, sogenannte psychische Erkrankungen, die sich durch Symptome wie beispielsweise Interessenlosigkeit, Antriebslosigkeit, Schuldgef\u00fchle und Ersch\u00f6pfung zeigen.<\/p>\n<\/blockquote>\n<\/div>\n<\/div>\n\n\n\n<p>Ich erlebe immer wieder, dass jeder Mensch seine eigene Geschichte mitbringt und ein bewegtes Leben durchlebt. Meiner Meinung nach tr\u00e4gt jedes Individuum ein Potential in sich, das nur darauf wartet, wieder entdeckt und entfaltet zu werden. Mein Anspruch ist es, jeden Patienten in seiner Individualit\u00e4t zu verstehen und anzunehmen sowie ihn auf seinem pers\u00f6nlichen Entwicklungsweg zu begleiten.<\/p>\n\n\n\n<blockquote class=\"wp-block-quote is-layout-flow wp-block-quote-is-layout-flow\">\n<p>Als Verhaltenstherapeutin m\u00f6chte ich Sie gerne auf Ihrem Weg begleiten \u2013&nbsp;<strong>\u201eauf der Suche nach der Leichtigkeit des Seins\u201c\u2026<\/strong><\/p>\n<\/blockquote>\n\n\n\n<div class=\"wp-block-buttons is-content-justification-center is-layout-flex wp-container-core-buttons-is-layout-a89b3969 wp-block-buttons-is-layout-flex\">\n<div class=\"wp-block-button\"><a class=\"wp-block-button__link wp-element-button\" href=\"https:\/\/psychotherapie-hanshans.de\/?page_id=58\">Kontakt<\/a><\/div>\n<\/div>\n\n\n\n<p><\/p>\n","protected":false},"excerpt":{"rendered":"<p>Ich bin approbierte psychologische Psychotherapeutin und biete Psychotherapie f\u00fcr Kinder, Jugendliche und Erwachsene an. Es gibt im Leben schwierige Phasen, in denen man sich Unterst\u00fctzung und einen Ansprechpartner w\u00fcnscht. Psychotherapeut*innen erkennen und behandeln Erkrankungen der Seele, sogenannte psychische Erkrankungen, die sich durch Symptome wie beispielsweise Interessenlosigkeit, Antriebslosigkeit, Schuldgef\u00fchle und Ersch\u00f6pfung zeigen. Ich erlebe immer wieder, [&hellip;]<\/p>\n","protected":false},"author":1,"featured_media":0,"parent":0,"menu_order":0,"comment_status":"closed","ping_status":"open","template":"","meta":{"footnotes":""},"class_list":["post-2","page","type-page","status-publish","hentry"],"_links":{"self":[{"href":"https:\/\/psychotherapie-hanshans.de\/index.php?rest_route=\/wp\/v2\/pages\/2","targetHints":{"allow":["GET"]}}],"collection":[{"href":"https:\/\/psychotherapie-hanshans.de\/index.php?rest_route=\/wp\/v2\/pages"}],"about":[{"href":"https:\/\/psychotherapie-hanshans.de\/index.php?rest_route=\/wp\/v2\/types\/page"}],"author":[{"embeddable":true,"href":"https:\/\/psychotherapie-hanshans.de\/index.php?rest_route=\/wp\/v2\/users\/1"}],"replies":[{"embeddable":true,"href":"https:\/\/psychotherapie-hanshans.de\/index.php?rest_route=%2Fwp%2Fv2%2Fcomments&post=2"}],"version-history":[{"count":8,"href":"https:\/\/psychotherapie-hanshans.de\/index.php?rest_route=\/wp\/v2\/pages\/2\/revisions"}],"predecessor-version":[{"id":61,"href":"https:\/\/psychotherapie-hanshans.de\/index.php?rest_route=\/wp\/v2\/pages\/2\/revisions\/61"}],"wp:attachment":[{"href":"https:\/\/psychotherapie-hanshans.de\/index.php?rest_route=%2Fwp%2Fv2%2Fmedia&parent=2"}],"curies":[{"name":"wp","href":"https:\/\/api.w.org\/{rel}","templated":true}]}}